h(-1).
49
Let x(a) = -5*a**2 - 960*a + 2881. Determine x(3).
-44
Let m(v) = -16*v**3 + 89*v**2 + 1068*v - 6155. What is m(6)?
1
Let v(j) = -59861*j + 3472001. Determine v(58).
63
Let t(b) = 2*b**3 - 40*b**2 - 368*b - 91. What is t(27)?
179
Let n(h) = -h**3 + 41*h**2 - 225*h + 26. Calculate n(5).
-199
Let d(k) = k**3 + 16*k**2 - 365*k - 64. Calculate d(-28).
748
Let t(a) = -a**2 + 24*a + 74805. What is t(287)?
-676
Let v(x) = -x**3 + 14*x**2 + 75*x - 1040. Calculate v(12).
148
Let c(l) = 43756*l + 218730. Give c(-5).
-50
Let r(n) = n**2 + 5294*n + 52807. Give r(-10).
-33
Let y(q) = -19*q**2 - 611*q - 188. Determine y(-32).
-92
Let n(v) = -v**3 + 139*v**2 + 2064*v + 1120. What is n(-13)?
-24
Let s(b) = b**3 - 17*b**2 + 71*b + 1. What is s(8)?
-7
Let z(q) = 2*q**3 - 159*q**2 + 263*q - 2248. What is z(78)?
14
Let d(x) = -4*x**3 - 1143*x**2 + 298*x + 3423. Calculate d(-286).
-9
Let i(u) = u**3 + 72*u**2 - 726*u + 260. Give i(-81).
17
Let c(n) = 54202*n + 1788670. Calculate c(-33).
4
Let q(w) = w**3 + 40*w**2 - 11445*w - 467566. What is q(-41)?
-2
Let h(z) = 234*z - 12393. Calculate h(53).
9
Let w(u) = u**3 - 221*u**2 + 51*u - 60412. What is w(222)?
194
Let y(f) = -f**2 + 369*f - 18770. Determine y(61).
18
Let q(g) = g**3 + 84*g**2 - 146*g - 5308. Calculate q(-85).
-123
Let k(p) = 3*p**3 + 213*p**2 - 213*p + 376. Determine k(-72).
160
Let w(y) = -2409*y**2 + 41*y + 2. Give w(1).
-2366
Let l(p) = 35*p + 2663. Determine l(-55).
738
Let j(r) = 17745*r + 142106. Calculate j(-8).
146
Let r(j) = -5*j**2 + 63*j - 482. Determine r(13).
-508
Let i(f) = 2*f**3 + 190*f**2 - 4882*f - 1154. Determine i(-116).
6
Let r(y) = -7*y**2 - 74990*y + 450199. Calculate r(6).
7
Let q(u) = -u**3 - 113*u**2 - 351*u - 711. Determine q(-110).
1599
Let g(c) = 172*c**2 + 18017*c - 41415. Give g(-107).
-6
Let n(w) = 2*w**2 - 143*w + 1588. Give n(59).
113
Let l(x) = x**3 + 13*x**2 - 19702*x - 177641. Calculate l(-9).
1
Let x(k) = -149*k**2 - 20*k + 4. Give x(3).
-1397
Let v(j) = 12*j**3 + 12351*j**2 + 3076*j - 11331. Determine v(-1029).
-12
Let v(n) = -2*n**3 + 8*n**2 - 36*n + 108. What is v(4)?
-36
Let s(i) = 2*i**2 - 418*i + 11541. Give s(176).
-75
Let h(a) = 6*a**2 - 382*a + 3447. Give h(11).
-29
Let h(l) = 2976*l + 5727. Determine h(-2).
-225
Let a(j) = 5*j**2 + 559*j + 8177. Determine a(-18).
-265
Let i(q) = -557*q - 45533. Determine i(-82).
141
Let p(o) = 12*o**2 + 583*o + 5789. Calculate p(-10).
1159
Let x(l) = -249940*l + 5748602. What is x(23)?
-18
Let o(j) = 7*j**2 - 8381*j + 126505. Give o(1182).
31
Let u(q) = -7*q**3 + 181*q**2 + 6331*q - 163931. Determine u(26).
-1
Let w(a) = 94*a**2 - 64*a + 108. Determine w(2).
356
Let u(o) = -21*o**2 - 18755*o - 56066. What is u(-3)?
10
Let b(q) = -6474*q**2 - 467*q - 467. Give b(-1).
-6474
Let v(l) = -33*l**2 - 115*l + 298. Calculate v(2).
-64
Let k(s) = 2171629*s + 3. Give k(0).
3
Let d(h) = 2168*h + 1259544. What is d(-581)?
-64
Let f(b) = 260*b**2 - 5233*b - 24186. Calculate f(24).
-18
Let l(q) = -q**3 + 15*q**2 - 63*q + 152. Give l(11).
-57
Let m(g) = 31609*g - 24022845. Determine m(760).
-5
Let c(r) = 369*r + 8693. Calculate c(-24).
-163
Let g(r) = 3*r**3 + 566*r**2 + 1491*r + 531. What is g(-186)?
-27
Let s(x) = -2625*x + 99729. What is s(38)?
-21
Let i(w) = -2965*w - 32595. Determine i(-11).
20
Let i(c) = -2*c**3 + 11*c**2 + 93*c - 109. Calculate i(13).
-1435
Let h(g) = -614300*g - 3071491. Give h(-5).
9
Let j(n) = -4332*n - 142944. Determine j(-33).
12
Let k(v) = 4978*v + 4812. Give k(-1).
-166
Let s(v) = 2498*v - 23986. Give s(9).
-1504
Let k(u) = -20*u**2 + 3363*u - 899. Give k(168).
-395
Let p(b) = -3*b**3 - 54*b**2 + 2968*b + 55309. Determine p(-19).
0
Let g(a) = 15198*a - 152156. Calculate g(10).
-176
Let p(h) = -h**2 - 204*h + 5000. Give p(20).
520
Let r(y) = 3*y**2 - 81*y - 24. Give r(33).
570
Let u(k) = -k**3 - 31*k**2 + 101*k + 341. What is u(-34)?
375
Let y(u) = -15*u**2 + 3506*u + 4695. Determine y(235).
230
Let f(i) = -i**3 + i**2 - 37*i + 122. Give f(4).
-74
Let t(o) = -492*o - 35241. Determine t(-72).
183
Let w(j) = -10735*j - 3306457. Determine w(-308).
-77
Let i(a) = 2*a**3 + 113*a**2 - 240*a + 10793. Calculate i(-60).
-7
Let d(t) = 34*t**2 - 15*t - 655. Determine d(-5).
270
Let t(i) = i**3 - 186*i**2 + 563*i - 1883. Give t(183).
679
Let p(m) = -m**2 + 3276368*m - 16381821. Give p(5).
-6
Let p(a) = 2*a**2 + 3*a - 380. What is p(17)?
249
Let u(h) = 2*h**2 - 486*h + 29522. Give u(114).
110
Let y(l) = -l**2 + 302*l + 5459. Determine y(-17).
36
Let m(q) = -q**3 + 356*q**2 - 292*q - 23099. Determine m(355).
-734
Let r(m) = -2*m**3 - 373*m**2 + 18654*m + 40. Calculate r(41).
-1
Let m(u) = -595*u - 111636. Give m(-187).
-371
Let g(c) = 709*c + 3780. Calculate g(-6).
-474
Let c(g) = 67*g**2 - 708*g + 1141. Determine c(2).
-7
Let s(j) = -j**2 + 1919*j + 60458. Determine s(-31).
8
Let v(o) = -o**3 + 28*o**2 + 1584*o - 45736. What is v(30)?
-16
Let s(t) = t**3 - 17*t**2 - 158*t + 2580. Calculate s(11).
116
Let t(j) = j**3 + 5*j**2 - 66*j + 508. Determine t(7).
634
Let g(t) = -3515*t + 277641. Give g(79).
-44
Let p(d) = d**3 + 12*d**2 - 70*d - 836. Give p(-12).
4
Let o(w) = 23*w**3 - 3867*w**2 + 504*w - 24. What is o(168)?
-24
Let j(q) = -q**2 - 749*q - 37543. What is j(-54)?
-13
Let h(s) = -122*s + 6656. What is h(53)?
190
Let u(r) = -6656*r**2 - 119809*r + 5. What is u(-18)?
23
Let y(f) = 667*f**3 - 11*f**2 + 14*f + 28. What is y(-1)?
-664
Let l(r) = -6684*r + 13310. What is l(2)?
-58
Let a(b) = -63126*b - 883741. Give a(-14).
23
Let r(a) = 2*a**3 + 17*a**2 + 223*a + 1638. Give r(-8).
-82
Let y(z) = -z**2 + 3030*z - 238867. Give y(81).
2
Let s(w) = 2*w**3 - 1105*w**2 + 22835*w - 1066. Give s(531).
-4
Let m(o) = -o**3 + 2*o**2 - 24*o - 77. Give m(-3).
40
Let i(u) = 17*u**3 + 162*u**2 - 37*u + 26. Determine i(-10).
-404
Let n(l) = -l**2 - 1201*l - 13230. What is n(-11)?
-140
Let j(w) = 149*w**2 - 2089*w + 23. Calculate j(14).
-19
Let r(o) = -3*o**3 + 507*o**2 - 502*o - 165. Calculate r(168).
171
Let j(v) = -779*v**2 + 3863*v + 175. Give j(5).
15
Let q(o) = -3940*o + 66961. What is q(17)?
-19
Let d(l) = -l**3 - 49*l**2 - 200*l + 388. Calculate d(-9).
-1052
Let n(v) = 8*v**3 + 28*v**2 - 482*v + 206. Determine n(-10).
-174
Let o(v) = 127*v**3 + 419*v**2 - 22*v - 45. Give o(-3).
363
Let q(r) = -r**2 - 614627*r - 7375341. Determine q(-12).
39
Let m(t) = t**3 + 20*t**2 + 108*t + 769. Determine m(-16).
65
Let q(x) = -10*x**2 + 140*x - 774. Calculate q(13).
-644
Let d(p) = -83*p**2 - 1643*p + 84. What is d(-19)?
1338
Let b(z) = -17*z**2 - 455*z - 3000. Determine b(-12).
12
Let f(s) = -68*s**2 + 3158*s - 153. Calculate f(47).
-1939
Let m(l) = l**3 - 6*l**2 + 105*l + 250. What is m(0)?
250
Let l(i) = -i**2 - 189*i - 7674. What is l(-32)?
-2650
Let z(p) = -608*p + 2913. Determine z(6).
-735
Let r(v) = -220*v**2 + 3372*v - 1122. Calculate r(15).
-42
Let v(y) = 30*y**3 + 4*y**2 - 10*y + 6. Give v(2).
242
Let n(c) = -126*c**2 + 845*c + 8. What is n(6)?
542
Let v(r) = 1421*r + 345311. What is v(-243)?
8
Let d(w) = -4168*w - 71118. Give d(-17).
-262
Let d(v) = 132*v - 18138. Give d(136).
-186
Let b(x) = -x**3 - 125*x**2 - 2491*x - 1514. Calculate b(-24).
94
Let b(m) = -4*m**2 - 91*m - 254. Determine b(-24).
-374
Let t(z) = -58*z**2 + 1750*z + 17708. Calculate t(-8).
-4
Let z(t) = -2*t**3 + 80*t**2 - 1707*t + 68288. What is z(40)?
8
Let x(f) = -28*f**3 + 25*f**2 + 69*f + 48. What is x(-1)?
32
Let z(k) = 3*k**3 - 399*k**2 + 787*k - 188. What is z(131)?
-57
Let w(u) = 12*u**3 - 38*u**2 - 204*u + 619. Determine w(3).
-11
Let d(f) = f**3 - 11*f**2 + 184*f + 58. What is d(0)?
58
Let i(d) = 4*d**2 + 911*d + 2656. Give i(-225).
181
Let z(q) = -469*q**2 - 4773*q - 6. Determine z(-10).
824
Let d(k) = 3*k**3 + 143*k**2 - 62*k - 7399. Determine d(-47).
-67
Let m(v) = -7*v**3 - 321*v**2 + 31*v - 194. What is m(-46)?
496
Let l(f) = 2*f**3 - 1068*f**2 - 1067*f. What is l(-1)?
-3
Let l(m) = -m**2 + 35*m + 359. Give l(-12).
-205
Let t(s) = -33*s**3 - 12*s - 6. What is t(-2)?
282
Let a(s) = s**3 - 91*s**2 - 81*s - 9110. Calculate a(93).
655
Let x(g) = 5*g**3 - 870*g**2 + 871*g - 356. Calculate x(173).
682
Let g(a) = 4794*a - 81620. Calculate g(17).
-122
Let z(u) = -u**3 + 44*u**2 - 147*u + 16451. Give z(48).
179
Let y(v) = 2967*v - 57011. Give y(1